ate u(45).
21
Let h(u) = u**2 - 12*u + 16. Give h(10).
-4
Let f(d) = -2*d**3 - 13*d**2 - 4*d + 4. Determine f(-6).
-8
Let f(y) = -y - 19. Calculate f(-6).
-13
Let u(y) = -y**3 - 6*y**2 - 4*y + 5. Determine u(-5).
0
Let g(w) = -w**3 + 7*w**2 + 13*w - 10. Determine g(8).
30
Let o(z) = -6*z + 2. What is o(2)?
-10
Let z(s) = -s**3 - 18*s**2 - 34*s - 32. What is z(-16)?
0
Let k(q) = -61*q**3 + 2*q**2 - 2. What is k(-1)?
61
Let l(p) = 5*p + 1. Give l(1).
6
Let t(y) = -8*y + 3. What is t(-5)?
43
Let c(p) = -3*p**2 + 28*p - 39. Determine c(8).
-7
Let q(l) = 6*l + 9. What is q(-7)?
-33
Let v(b) = -b**3 + 21*b**2 - b + 23. Give v(21).
2
Let b(a) = -9*a + 7. Give b(3).
-20
Let q(x) = x**3 + 8*x**2 - 13*x + 4. Determine q(-9).
40
Let f(q) = -8*q - 247. Give f(-31).
1
Let d(j) = j**3 - 9*j**2 + 8*j + 3. Determine d(4).
-45
Let v(q) = -3*q**2 - 5*q + 49. Calculate v(7).
-133
Let x(f) = 37*f + 57. What is x(-2)?
-17
Let w(b) = -7*b**2 - 4*b - 3. Determine w(-4).
-99
Let q(j) = j**3 - 2*j**2 - 4*j + 6. Give q(3).
3
Let d(o) = 19*o - 363. What is d(19)?
-2
Let r(m) = -m**3 + 8*m**2 - 30*m + 57. Calculate r(4).
1
Let i(r) = 9*r - 22. What is i(2)?
-4
Let p(x) = -4*x**3 + 2*x - 1. Determine p(-2).
27
Let w(x) = x**3 - 9*x**2 - 11*x + 10. Give w(10).
0
Let p(y) = 2*y**3 - y**2 + 2. Determine p(-2).
-18
Let m(n) = n**2 + 6*n + 5. Give m(-12).
77
Let y(h) = 10*h + 19. What is y(-2)?
-1
Let u(j) = -j**3 + j**2 - j + 59. Give u(0).
59
Let c(x) = -13*x + 3. Calculate c(-3).
42
Let w(x) = -x**3 - 8*x**2 + 6*x - 26. Calculate w(-9).
1
Let w(b) = -4*b + 2. Give w(5).
-18
Let g(r) = 7*r**2 - 1. Calculate g(1).
6
Let j(q) = 3*q + 74. Give j(-23).
5
Let g(x) = 7*x - 6. Determine g(-6).
-48
Let a(s) = -2*s**2 - 9*s - 3. Give a(-6).
-21
Let f(j) = j**3 - 24*j**2 - 2*j + 45. Calculate f(24).
-3
Let b(r) = r**2 - 13*r - 13. Calculate b(12).
-25
Let p(m) = m**3 - 9*m**2 + 9*m - 80. What is p(9)?
1
Let b(f) = -f + 5. Give b(11).
-6
Let q(g) = g**3 - 18*g**2 + 45*g - 6. What is q(15)?
-6
Let y(s) = s**3 + s**2 - 4*s + 2. What is y(-3)?
-4
Let p(o) = 9*o**2 + 1. Determine p(1).
10
Let t(h) = -2*h**2 + 4*h + 7. Give t(5).
-23
Let f(s) = s**3 + 6*s**2 - 9*s + 3. Give f(1).
1
Let c(n) = 26*n - 53. Give c(2).
-1
Let k(n) = -40*n**2 - 4*n + 11. What is k(2)?
-157
Let g(f) = -f**2 - 3. Give g(-2).
-7
Let d(p) = -p**3 + 4*p**2 + 3*p. Calculate d(-2).
18
Let k(o) = -5*o + 37. Calculate k(7).
2
Let x(m) = 2*m - 5. Calculate x(4).
3
Let j(h) = h**3 - 8*h**2 - 5*h - 6. What is j(8)?
-46
Let b(t) = 2*t - 24. Determine b(-2).
-28
Let r(d) = 2*d**2 + 25*d + 24. Give r(-11).
-9
Let p(j) = -j**3 + 13*j**2 - j + 13. Calculate p(13).
0
Let j(u) = -18*u**2 - 108*u - 7. Give j(-6).
-7
Let v(q) = -q**2 - 20*q + 66. Give v(3).
-3
Let c(j) = 52*j + 5. Give c(-3).
-151
Let t(s) = 4*s + 30. Calculate t(-4).
14
Let n(t) = -t**3 + 14*t**2 - 12*t - 6. Give n(13).
7
Let v(s) = -4*s**3 - 4*s**2 - 3*s + 4. Calculate v(-2).
26
Let j(h) = 37*h + 1. What is j(1)?
38
Let o(h) = 3*h**2 - 8*h + 37. Give o(6).
97
Let b(q) = 2*q**2 - 14*q - 15. Give b(5).
-35
Let p(b) = -b**2 - 9*b - 21. Determine p(-6).
-3
Let c(x) = 4*x - 19. Calculate c(6).
5
Let p(u) = -u**3 + u**2 - 2*u - 31. What is p(0)?
-31
Let p(b) = -57*b - 10. Calculate p(-1).
47
Let v(d) = -3*d + 17. Determine v(9).
-10
Let m(j) = j**2 - 22*j. Calculate m(21).
-21
Let t(h) = -h**3 + h + 51. Give t(0).
51
Let h(s) = -3*s**3 + 2*s**2 + 3*s + 2. What is h(-2)?
28
Let r(y) = -25*y**2 - 36*y. What is r(-1)?
11
Let n(r) = r**3 - 10*r**2 - 21*r. What is n(-2)?
-6
Let a(d) = -4*d - 87. Give a(-21).
-3
Let p(i) = i**2 - 14*i. What is p(11)?
-33
Let o(v) = v**2 + 3*v. Determine o(-3).
0
Let m(v) = 5*v - 6. Determine m(-5).
-31
Let w(f) = -f**2 - 3*f - 2. What is w(-7)?
-30
Let u(f) = -f**2 + 5*f + 2. Determine u(7).
-12
Let w(u) = -u**2 + 17. What is w(-4)?
1
Let m(r) = -r**2 + 13*r - 3. What is m(11)?
19
Let u(q) = 2*q**2 - q - 4. Give u(2).
2
Let x(n) = -n - 18. Calculate x(-12).
-6
Let u(b) = -2*b**2 + 14*b + 15. Calculate u(8).
-1
Let j(l) = -l**3 + 17*l**2 - l + 17. Calculate j(17).
0
Let f(p) = 71*p - 407. Calculate f(6).
19
Let k(d) = -2*d**2 - 8*d - 4. Calculate k(-3).
2
Let m(d) = d**3 + 6*d**2 + 5*d + 1. Determine m(-4).
13
Let a(r) = -r**3 + 4*r**2 + 4*r - 3. What is a(5)?
-8
Let z(m) = -6*m - 1. Give z(0).
-1
Let z(u) = 35*u + 166. What is z(-8)?
-114
Let h(t) = 12*t**2 + t. Give h(-1).
11
Let h(u) = u**2 + 13*u + 19. Give h(-13).
19
Let v(m) = 16*m - 16. Calculate v(7).
96
Let y(h) = 3*h + 3. Determine y(-2).
-3
Let w(q) = 3*q - 10. What is w(14)?
32
Let f(j) = -j**3 - 8*j**2 - 9. Calculate f(-7).
-58
Let b(o) = -3*o + 18. What is b(3)?
9
Let d(i) = 29*i + 25. Determine d(-1).
-4
Let q(o) = -2*o**2 + 6*o + 8. Determine q(6).
-28
Let m(i) = -i**3 - i**2 - i + 2. Calculate m(1).
-1
Let l(h) = -h**3 + 6*h + 4. Give l(3).
-5
Let m(s) = s - 4. Calculate m(3).
-1
Let l(j) = -j**3 + 5*j**2 - j - 7. Determine l(4).
5
Let x(p) = -2*p - 15. Calculate x(-5).
-5
Let h(n) = -10*n**2 - 2*n - 1. Give h(-1).
-9
Let t(z) = -3*z**2 + 5*z - 7. What is t(5)?
-57
Let z(l) = l**2 + 7*l + 10. Determine z(-6).
4
Let i(k) = -k**2 + 3*k + 111. Calculate i(-9).
3
Let p(d) = -20*d - 793. Calculate p(-40).
7
Let o(x) = x + 3. Calculate o(6).
9
Let f(w) = w**3 + w + 2. Give f(-2).
-8
Let r(w) = -w**3 - 26*w**2 - 23*w + 37. Calculate r(-25).
-13
Let g(u) = 2*u + 20. Calculate g(-12).
-4
Let f(g) = -6*g**3 - g**2. Give f(-1).
5
Let a(t) = 5*t - 30. Give a(5).
-5
Let b(a) = -2*a**3 + 127*a**2 - 63*a + 4. What is b(63)?
4
Let k(f) = f**2 - 5*f - 1. Give k(5).
-1
Let z(y) = y**2 - 20*y - 48. Determine z(16).
-112
Let h(g) = -g**3 + 8*g**2 - 10*g + 5. Calculate h(7).
-16
Let s(z) = -z**2 - 12*z + 5. What is s(-12)?
5
Let m(g) = -g**3 - 5*g**2 - 7*g - 4. Determine m(-4).
8
Let w(p) = -p**3 - 17*p**2 - 17*p - 19. Determine w(-16).
-3
Let x(j) = -j**3 + 22*j**2 + 3*j + 17. Calculate x(22).
83
Let i(b) = b**3 + 11*b**2 + 35*b + 35. Give i(-6).
5
Let g(f) = 4*f**2 - 2*f + 58. What is g(0)?
58
Let s(m) = 12*m + 26. Determine s(-5).
-34
Let o(n) = n**3 - 3*n**2 - 8*n + 3. Calculate o(6).
63
Let d(w) = w**2 - w - 7. Give d(-8).
65
Let u(m) = -6*m + 36. Determine u(-16).
132
Let v(u) = u**3 + 19*u**2 + 16*u - 12. What is v(-18)?
24
Let h(a) = -a**2 - 12*a - 39. Calculate h(-7).
-4
Let v(f) = f**3 + 4*f**2 + 5*f - 4. Calculate v(-4).
-24
Let u(c) = c**3 + 8*c**2 + 9*c + 4. Give u(-7).
-10
Let h(b) = 3*b - 39. Give h(11).
-6
Let y(h) = 3*h**2 - 5*h + 2. Give y(2).
4
Let a(m) = 15*m + 219. Calculate a(-15).
-6
Let z(q) = q**2 - 6*q - 6. Give z(5).
-11
Let z(p) = -21*p - 157. Determine z(-8).
11
Let n(h) = h**3 + 9*h**2 + 12*h + 27. Give n(-8).
-5
Let d(w) = w**3 + 5*w**2 + 25*w + 386. Determine d(-8).
-6
Let h(t) = -2*t + 55. Give h(8).
39
Let y(z) = -3*z**3 - 4*z**2 - 4*z - 2. What is y(-2)?
14
Let m(h) = -3*h**2 - h + 2. Determine m(-2).
-8
Let j(p) = -2*p**2 - p + 7. Give j(4).
-29
Let p(q) = -6*q**2 - 98*q + 66. Give p(-17).
-2
Let g(b) = -b**2 - 16*b + 15. Calculate g(-17).
-2
Let z(l) = 6*l - 22. Calculate z(5).
8
Let o(d) = -6*d + 98. Determine o(18).
-10
Let b(o) = o**2 - 7*o - 3. Calculate b(6).
-9
Let b(u) = -2*u**2 + 27*u + 83. What is b(-3)?
-16
Let z(b) = b**3 - 20*b**2 - 7*b + 38. What is z(20)?
-102
Let o(h) = h**2 - 50*h + 402. Calculate o(40).
2
Let t(o) = o**2 + 5*o - 95. Determine t(7).
-11
Let u(z) = -z**2 + 2*z - 6. Calculate u(0).
-6
Let x(v) = 31*v - 185. Give x(6).
1
Let c(r) = -r**2 - 3*r. Give c(0).
0
Let q(d) = d**2 + 18*d + 15. Calculate q(-17).
-2
Let n(v) = 6*v + 40. Calculate n(4).
64
Let x(y) = 9*y + 80. Give x(-8).
8
Let i(k) = -2*k + 71. Determine i(-27).
125
Let d(g) = 7*g - 215. Determine d(30).
-5
Let l(f) = -2*f**2 - 32*f + 62. Give l(-18).
-10
Let f(v) = -3*v + 9. Give f(-10).
39
Let g(y) = y**3 - 28*y**2 + 25*y - 4. Determine g(27).
-58
Let b(o) = o**3 - 7*o**2 + 8*o - 7. Give b(5).
-17
Let z(w) = 2*w + 13. What is z(7)?
27
Let r(l) = -l**2 - 5*l - 11. What is r(-4)?
-7
Let n(l) = -l**3 + 20*l**2 - 19*l + 16. Determine n(19).
16
Let u(a) = -4*a**2 - 7*a - 6. Give u(-4).
-42
Let f(b) = 6*b**3 - 3*b**2 + 3*b + 7. Determine f(-1).
-5
Let o(r) = -4*r + 11. Give o(8).
-21
Let p(w) = -w**2 + 6*w + 5. Give p(6).
5
Let y(t) = 2*t**2 - 6*t + 3. What is y(4)?
11
Let n